{"version":"1.0","provider_name":"Exaudi","provider_url":"https:\/\/exaudi.org\/es\/","author_name":"Academia de L\u00edderes Cat\u00f3licos","author_url":"https:\/\/exaudi.org\/es\/author\/academia-de-lideres-catolicos\/","title":"Mario J. Paredes: \u201cEl Papa aboga por humanizar el sistema de salud tanto p\u00fablico como privado\u201d &#8211; Exaudi","type":"rich","width":600,"height":338,"html":"<blockquote class=\"wp-embedded-content\" data-secret=\"Al9lx8vANc\"><a href=\"https:\/\/exaudi.org\/es\/mario-j-paredes-papa-sistema-salud\/\">Mario J. Paredes: \u201cEl Papa aboga por humanizar el sistema de salud tanto p\u00fablico como privado\u201d<\/a><\/blockquote><iframe sandbox=\"allow-scripts\" security=\"restricted\" src=\"https:\/\/exaudi.org\/es\/mario-j-paredes-papa-sistema-salud\/embed\/#?secret=Al9lx8vANc\" width=\"600\" height=\"338\" title=\"\u00abMario J. Paredes: \u201cEl Papa aboga por humanizar el sistema de salud tanto p\u00fablico como privado\u201d\u00bb \u2014 Exaudi\" data-secret=\"Al9lx8vANc\" frameborder=\"0\" marginwidth=\"0\" marginheight=\"0\" scrolling=\"no\" class=\"wp-embedded-content\"><\/iframe><script type=\"text\/javascript\">\n\/* <![CDATA[ *\/\n\/*! This file is auto-generated *\/\n!function(d,l){\"use strict\";l.querySelector&&d.addEventListener&&\"undefined\"!=typeof URL&&(d.wp=d.wp||{},d.wp.receiveEmbedMessage||(d.wp.receiveEmbedMessage=function(e){var t=e.data;if((t||t.secret||t.message||t.value)&&!\/[^a-zA-Z0-9]\/.test(t.secret)){for(var s,r,n,a=l.querySelectorAll('iframe[data-secret=\"'+t.secret+'\"]'),o=l.querySelectorAll('blockquote[data-secret=\"'+t.secret+'\"]'),c=new RegExp(\"^https?:$\",\"i\"),i=0;i<o.length;i++)o[i].style.display=\"none\";for(i=0;i<a.length;i++)s=a[i],e.source===s.contentWindow&&(s.removeAttribute(\"style\"),\"height\"===t.message?(1e3<(r=parseInt(t.value,10))?r=1e3:~~r<200&&(r=200),s.height=r):\"link\"===t.message&&(r=new URL(s.getAttribute(\"src\")),n=new URL(t.value),c.test(n.protocol))&&n.host===r.host&&l.activeElement===s&&(d.top.location.href=t.value))}},d.addEventListener(\"message\",d.wp.receiveEmbedMessage,!1),l.addEventListener(\"DOMContentLoaded\",function(){for(var e,t,s=l.querySelectorAll(\"iframe.wp-embedded-content\"),r=0;r<s.length;r++)(t=(e=s[r]).getAttribute(\"data-secret\"))||(t=Math.random().toString(36).substring(2,12),e.src+=\"#?secret=\"+t,e.setAttribute(\"data-secret\",t)),e.contentWindow.postMessage({message:\"ready\",secret:t},\"*\")},!1)))}(window,document);\n\/\/# sourceURL=https:\/\/exaudi.org\/wp-includes\/js\/wp-embed.min.js\n\/* ]]> *\/\n<\/script>\n","thumbnail_url":"https:\/\/exaudi.org\/wp-content\/uploads\/2024\/06\/WhatsApp-Image-2024-06-03-at-12.53.32-PM.jpeg","thumbnail_width":593,"thumbnail_height":279,"description":"En una entrevista exclusiva, Mario J. Paredes, presidente ejecutivo de SOMOS Community Care, reflexion\u00f3 sobre la promoci\u00f3n de la salud desde una \u00f3ptica cristiana, alineada con los Objetivos de Desarrollo Sostenible de la ONU, en particular el objetivo de Salud y Bienestar. Mario J. Paredes destac\u00f3 la importancia de humanizar los sistemas de salud, tanto [&hellip;]"}

Academia de Líderes Católicos

Mario J. Paredes: “El Papa aboga por humanizar el sistema de salud tanto público como privado” &#8211; Exaudi

<blockquote class="wp-embedded-content" data-secret="Al9lx8vANc"><a href="https://exaudi.org/es/mario-j-paredes-papa-sistema-salud/">Mario J. Paredes: “El Papa aboga por humanizar el sistema de salud tanto público como privado”</a></blockquote><iframe sandbox="allow-scripts" security="restricted" src="https://exaudi.org/es/mario-j-paredes-papa-sistema-salud/embed/#?secret=Al9lx8vANc" width="600" height="338" title="«Mario J. Paredes: “El Papa aboga por humanizar el sistema de salud tanto público como privado”» — Exaudi" data-secret="Al9lx8vANc" frameborder="0" marginwidth="0" marginheight="0" scrolling="no" class="wp-embedded-content"></iframe><script type="text/javascript">
/* <![CDATA[ */
/*! This file is auto-generated */
!function(d,l){"use strict";l.querySelector&&d.addEventListener&&"undefined"!=typeof URL&&(d.wp=d.wp||{},d.wp.receiveEmbedMessage||(d.wp.receiveEmbedMessage=function(e){var t=e.data;if((t||t.secret||t.message||t.value)&&!/[^a-zA-Z0-9]/.test(t.secret)){for(var s,r,n,a=l.querySelectorAll('iframe[data-secret="'+t.secret+'"]'),o=l.querySelectorAll('blockquote[data-secret="'+t.secret+'"]'),c=new RegExp("^https?:$","i"),i=0;i<o.length;i++)o[i].style.display="none";for(i=0;i<a.length;i++)s=a[i],e.source===s.contentWindow&&(s.removeAttribute("style"),"height"===t.message?(1e3<(r=parseInt(t.value,10))?r=1e3:~~r<200&&(r=200),s.height=r):"link"===t.message&&(r=new URL(s.getAttribute("src")),n=new URL(t.value),c.test(n.protocol))&&n.host===r.host&&l.activeElement===s&&(d.top.location.href=t.value))}},d.addEventListener("message",d.wp.receiveEmbedMessage,!1),l.addEventListener("DOMContentLoaded",function(){for(var e,t,s=l.querySelectorAll("iframe.wp-embedded-content"),r=0;r<s.length;r++)(t=(e=s[r]).getAttribute("data-secret"))||(t=Math.random().toString(36).substring(2,12),e.src+="#?secret="+t,e.setAttribute("data-secret",t)),e.contentWindow.postMessage({message:"ready",secret:t},"*")},!1)))}(window,document);
//# sourceURL=https://exaudi.org/wp-includes/js/wp-embed.min.js
/* ]]> */
</script>

En una entrevista exclusiva, Mario J. Paredes, presidente ejecutivo de SOMOS Community Care, reflexionó sobre la promoción de la salud desde una óptica cristiana, alineada con los Objetivos de Desarrollo Sostenible de la ONU, en particular el objetivo de Salud y Bienestar. Mario J. Paredes destacó la importancia de humanizar los sistemas de salud, tanto [&hellip;]
